14 - -8) + 0)?
-7
(58 - 39 - 23) + (0 - 1 - 1)
-6
Calculate -2 + -25 + 2 + (-1175 - -1187).
-13
-35 - ((-43 - -34) + -35)
9
What is ((8 - 10) + -8 - -1) + -6?
-15
What is the value of (-2 - -5 - (5 - -3)) + (-20 - -24)?
-1
Calculate 8 + (-7 - (-6 + 13)).
-6
Evaluate (26 - (8 - -3)) + -37.
-22
What is the value of 47 - ((-3 - -12) + 17)?
21
1 - (-9 + 12) - 2
-4
What is -21 + 12 - (-3 + 42) - -12?
-36
-2 - 5 - (4 + 20 + -36)
5
What is 2 + 6 + -7 + -9 + -1?
-9
Evaluate -1 + 1 + (-19 + 18 - -8).
7
What is the value of 5 - 5 - (-1 + -4 - (-61 + 47))?
-9
What is 1 + 7 - 2 - (56 - 57) - 6?
1
What is -2 + -9 + 3 + (16 - 1) + 1?
8
Calculate -5 - (2 - (14 + (5 + -9 - -7))).
10
What is (35 - 11) + -18 - (-3 - (-3 - 19))?
-13
What is 4 + (-3 - -3 - -5) - 3?
6
Evaluate -8 + ((2 - -5) + 0 - -1).
0
9 + -20 + (3 - -9)
1
What is the value of -6 - ((-7 - -14) + -15 + -1)?
3
Evaluate -18 + (2 - 1 - -20).
3
Evaluate -6 + 0 + 3 + (17 - -22) + -17.
19
Calculate -189 - -192 - (-5 + -1 + (4 - 3)).
8
(4 + -20 - (2 - 4)) + -6 + 9
-11
Evaluate 1 + (1 + -3 - (-6 + 6)) + 2.
1
19 - (-11 + (-16 - -38))
8
What is -4 - -4 - (3 + 10 + -1)?
-12
Evaluate 5 - (0 - -3 - (3 - (5 + 3))).
-3
-9 - (-5 - (-2 + 9 + -7))
-4
Evaluate 1 - (-4 + 6 - (-11 - -20)).
8
Calculate 11 - ((3 - -25) + -1).
-16
What is the value of 16 + (3 - -4) + 12 + -17?
18
Calculate 2 - 2 - (-3 + 0) - (355 + -363).
11
What is 6 + (2 - 6) - (-12 + 15)?
-1
What is 5 - (2 + -14) - 5?
12
What is (-28 - -19 - 17) + 27?
1
What is the value of -7 - (2 - (-3 - -7)) - 3?
-8
0 + -6 + (-11 - (7 - -3 - 22))
-5
6 + (16 - 9) + -5 + -27
-19
Evaluate -2 + 14 + (-8 - -2) + (1 - -2).
9
(5 - 6 - 1 - -3) + (-21 - -1)
-19
Calculate -1 + -8 + 2176 + -2174.
-7
Evaluate ((12 - 24) + 10 - 12) + 14.
0
Evaluate 1 - (-6 + -2) - 14 - 7.
-12
What is 8 + (-8 - (10 - 23)) - (1 + -8)?
20
What is -2 + (8 - 9 - 2) - 2 - 7?
-14
What is -8 + 8 - (5 - (-10 - -35) - 0)?
20
Calculate (-2 - -18) + -38 + -2.
-24
Evaluate -20 - (-5 + (-1 + -2 - (3 + -6))).
-15
What is 7 - ((-1 - 6) + (-64 - -73))?
5
What is the value of (51 + -17 - 37) + 1 + -6 + 4?
-4
What is -15 - (-43 - (0 + -9)) - 12?
7
What is (-5 - (1 - -22)) + 21?
-7
Evaluate -4 + (2 - (4 - 17)) - (18 - 17).
10
Calculate 5 - (3 + -8 + 6) - (1 - -4).
-1
Calculate -5 - 0 - (-57 + 88 - 26).
-10
What is the value of (29 - (-1 - -25)) + 19?
24
Calculate 5 + 2 - (12 - (4 + 3 + -21)).
-19
11 + -7 + -8 + -4 + (5 - 4)
-7
43 + -36 + -5 + 36 + -1
37
Calculate 175 + -183 - (-1 + -2 + 0).
-5
Evaluate -20 - -13 - (6 + 7) - 2.
-22
Evaluate 7 - (339 + -348 + -1 + 15).
2
What is (-23 - -34) + (-14 - (-6 + 0)) - 8?
-5
What is -25 - (5 - 14) - 6?
-22
What is 14 + (9 + -1 - 21) + -21?
-20
Evaluate -24 - 1 - (679 + -666).
-38
What is the value of 105 + -103 + (1 - 4)?
-1
Calculate -139 + 123 - (-2 - (-2 + 6)).
-10
(22 + -26 - ((2 - 15) + 3)) + -6
0
What is the value of 14 + 21 + -21 + -12?
2
What is the value of (23 - (18 + -6) - (2 + -2)) + -1?
10
-9 - 0 - -6 - (-4 + 2) - -2
1
What is -9 + 2 + 10 + -12?
-9
What is (2 - 11) + -3 - 6 - (-3 + -3)?
-12
Calculate -16 - (-22 - -23) - -4.
-13
Evaluate -2 - (1 + -6 + 2 - (-76 + 73)).
-2
(5 + 0 - 9) + -3 - (-32 + 40)
-15
Calculate (6 - 2) + (8 - 9) + (9 - 7).
5
11 - (32 - (9 + 2))
-10
Evaluate -5 + (35 - (-5 + 16 + -8)).
27
(0 - (3 - (1 + 1 + 7))) + 2
8
What is the value of 8 - (-7 + -6 - -31)?
-10
1 + -7 + 1 - (25 + -13 - 25)
8
(-35 - 25) + 31 + 42
13
Evaluate (-10 - -9) + -3 + 0 + 5 + -5.
-4
0 + -6 + (-56 - -57)
-5
What is -24 + (-2 - (-4 - -2 - 10))?
-14
(-7 + 5 - -13) + -10 - 1
0
Calculate (23 - 11) + -18 - -12.
6
What is the value of -17 - (14 + -18 + -7)?
-6
What is -9 - (4 - (10 + -3)) - (2 + 5)?
-13
Calculate 7 - (-8 - -6) - 5 - -9.
13
What is (8 + -26 - -19) + (1 - 19)?
-17
What is the value of (4 - 8) + 7 + 3 + 7 + -5?
8
What is 12 - (11 + 3 + 12)?
-14
Evaluate 6 + 12 + -11 + (-2 + 0 - 25).
-20
(-7 - -15) + -29 + 27
6
What is -10 - ((5 + 2 - (-36 - -36)) + -40)?
23
Evaluate 1 + -20 - (-1591 + 1556).
16
Evaluate (1 - (-41 + (3 - -3))) + 3 - 12.
27
-42 - (8 - ((3 - (1 - 10)) + -1))
-39
10 + -1 + -3 - (-4 + 3)
7
What is the value of 19 + -13 + 35 + -26?
15
What is the value of -3 + 4 - 8 - (42 - 37)?
-12
Calculate 5 + -30 + (11 - -18).
4
What is (-2 - 10 - -9) + -2 + 1 + -14?
-18
What is the value of (-3 - -21 - 11) + -7 + (-4 - 2)?
-6
Calculate -1 + -31 + 27 + -13 - 1.
-19
(2 - (-1 + -10)) + (783 - 795)
1
What is the value of -1 + (-10 - 5) - -18?
2
What is 4 - (-8 + -8 + 33)?
-13
2 + 5 + (-7 - 1) + 25
24
(-27 - -21) + 2 + -1 + 14
9
Calculate -30 + 2 + 10 + (6 - 7).
-19
Evaluate -79 + 84 - (1 + -1 + 0).
5
What is the value of 12 + (0 - ((-19 - -16) + 6 + 0))?
9
Evaluate 19 + 17 + (-7 - 13) + -17.
-1
-4 + (1 - (3 - 9)) + 10
13
What is (11 - (12 - (-12 + -2))) + -1?
-16
Calculate (4 - (4 + (-4 + 1 - -3))) + -10.
-10
What is the value of (-16 - (-24 + 7)) + 6 - -13?
20
Calculate -36 - 0 - (38 - (63 - 15)).
-26
Evaluate 54 - 25 - (6 + -6 - -11).
18
Evaluate -4 + (1 - (1 - 7) - 9) + 11.
5
Evaluate 9 + -9 + (-8 - -10) + 9.
11
Calculate 20 + (-3 - (9 - 3)) - 2.
9
Calculate -3 + 7 - 3 - 3.
-2
What is the value of -12 + 28 + -20 - (1 - 10)?
5
Evaluate 3 + (13 + -3 - 8) - (21 + -5).
-11
What is -6 + -23 + 23 + 22?
16
What is the value of -6 - (-1 + 2 + (2 - 4))?
-5
What is 54 - (27 + 34) - (1 - (4 + -2))?
-6
What is the value of 34 + -74 + (51 - 28)?
-17
What is the value of 11 + -7 + -2 + 15 - (3 + 1)?
13
What is -48 - (8 - 49) - (0 + 15)?
-22
Evaluate 13 + (-11 + -4 + 8 - -1) - 26.
-19
Evaluate 13 - (5 - (2 - 10)).
0
What is (-24 - -9 - -25) + -8?
2
Evaluate (492 - 487) + (0 - 2 - 24).
-21
72 + (-47 - 29) + (-1 - (-37 + 1))
31
Calculate 3 + (-27 - (-10 - -6)) + 5.
-15
-9 + (1 + 0 - (6 - (3 - -3)))
-8
Evaluate -23 + 6 - (3 + -22).
2
What is the value of (-3 - (-20 - -8)) + -14?
-5
What is the value of -21 + 9 + -19 + -10 + 20?
-21
2 + -4 + 1 + 7 + -4
2
What is 2 + -10 + 0 + -3 - -26?
15
What is 104 + -82 - (-6 - -15)?
13
51 + -31 + -11 - 40
-31
Calculate -6 - 6 - -8 - (-1 - 0 - -3).
-6
12 + (8 - (-5 - -7)) - (0 - 6)
24
What is -5 + 18 + -1 + (-57 - -53)?
8
Evaluate -10 - -4 - (3 - -6) - 0.
-15
Calculate -5 + 18 + -14 + 11.
10
Calculate 13 + (-14 + 10 - 21) - -18.
6
What is -9 - (-8 + 3 - -2) - -7 - 2?
-1
Evaluate (0 - -4) + 7 + (6 - 11).
6
Calculate 18 - (48 + -29) - (-1 - -1).
-1
Evaluate -11 - -30 - (5 - -11).
3
What is 26 - (13 + (7 + 1 - 14))?
19
What is 2 - -43 - (18 + -30 - -33)?
24
What is the value of 29 + -19 + (4 - -3) + -9?
8
Calculate -12 + 5 + (-7 - -15).
1
Evaluate (-1 - -4) + (16 - (3 - -3) - 10).
3
Calculate (1 + -5 - (-31 + 28)) + 10.
9
4 - (0 + 9 + 11 + -13 + 0)
-3
What is the value of (-8 - -3) + (0 - (7 + -4)) + 19?
11
What is the value of 0 + (0 - 8) - (10 + 57 + -72)?
-3
Evaluate -17 - (-7 - (-22 + 49)).
17
What is the value of -14 - (-10 - -3 - (2 + 2 - 10))?
-13
-11 + (5 - (7 - 0) - -5) + 0
-8
What is 0 - (1 + -3) - 0 - (-87 + 104)?
-15
Evaluate (-5 - (63 - 30)) + 67.
29
What is 1 + -6 + (-3 - 17 - (19 - 29))?
-15
Calculate 2 + (3 - 3) - (9 - (-6 - -4)).
-9
8 + -12 + 19 + (-13 - (1 - 5))
6
Evaluate -19 - (-24 - 1) - 24.
-18
What is the value of 0 + -3 + (115 - 106)?
6
24 - 27 - (-11 + 4 - (1 + -3))
2
Evaluate 51 + -1 + 398 + -437.
11
What is -44 - -28 - (6 - 26)?
4
Evaluate 0 + 12 + -12 + 6 - -18.
24
-4 + (-17 - (-37 - -6)) + -23
-13
What is 15 - (-24 + 34 + -2 + 5)?
2
What is -5 - (0 + (-10 - (-7 + -13)))?
-15
What is the value of 3 + (11 - 8 - 13)?
-7
What is the value of 8 + (28 - 19) - 9?
8
Evaluate (30 - 26) + -1 + -11 + 45 + -4.
33
What is -1 + (-2 - -23) - 7?
13
What is the value of 3 - (2 - ((1 - 16) + 0))?
-14
Evaluate -3 - 0 - (25 - 37).
9
(-4 - -8) + 352 + -364
-8
What is the value of (-54 - -22) + -1 + 15?
-18
Evaluate (-9 - 3 - (3 - (-1 + 4))) + 5.
-7
What is the value of (-329 - -330) + 19 + 2?
22
2 + (-3 - (3 + -6) - 3 - -7)
6
What is 6 + (11 - 22 - (3 + -2 + 4))?
-10
Calculate 5 + (6 - 14 - -14).
11
Evaluate -4 - 0 - (-12 - ((9 - 7) + -11)).
-1
What is the value of 3 + 4 + -26 + (-14 - (-13 + -7))?
-13
What is the value of -22 - (1 + -10) - -7?
-6
What is the value of 4 - (2 - (1 - 9) - -4)?
-10
(6 - 9) + -15 + -5
-23
Calculate -418 - -422 - (-17 + -2).
23
What is the value of 13 + (10 - 15) + 4?
12
What is the value of -1472 + 1462 